r when u is divided by r(-5).
9
Let f = 2 - -1. Suppose 0*c - c = -m - 108, 0 = f*c - 2*m - 326. Suppose -5*t - 3*b + 177 = 43, 58 = 2*t - b. What is the remainder when c is divided by t?
26
Suppose 6*d - 18 - 24 = 0. Calculate the remainder when d is divided by 4.
3
Let n(m) = m**3 + 8*m**2 - 11*m - 3. Let j = 815 + -728. Calculate the remainder when j is divided by n(-9).
12
Suppose -4*w = -3*s + 64, -3*s - 4*w + 69 = -7*w. Calculate the remainder when 331 is divided by s.
23
Let b = 495 + -396. Calculate the remainder when b is divided by 10.
9
Let h = 513 + -434. Calculate the remainder when 155 is divided by h.
76
Let s = 867 - 851. Calculate the remainder when 185 is divided by s.
9
Suppose -2*v - 1499 = -1587. Calculate the remainder when v is divided by 17.
10
Let v(m) = 53*m - 1. Let g be -4 - -2 - (1 - 2) - -9. Suppose g*z - 12*z = -108. Calculate the remainder when v(1) is divided by z.
25
Let y(s) = 18*s**2 + 5*s + 5. Suppose -4*p + 33 = -23. Calculate the remainder when y(-2) is divided by p.
11
What is the remainder when (135/(-10))/((-8)/(224/6)) is divided by 0*(-3)/(-12) + 16?
15
Calculate the remainder when 682 is divided by 2/19*-1 + 295/95.
1
Suppose 4*s = -2*h + 8, -4*h + 2*s = 3 + 1. Suppose 18 = -h*x + 2*x. Calculate the remainder when 43 is divided by x.
7
Let p(q) = -q - 3. Suppose 2*w + 112 = -5*w. Let u = 25 + w. Calculate the remainder when u is divided by p(-7).
1
Let q be (-10 - 26)*1/(-2). Let d = q - -10. Suppose 10*m - 246 = 7*m. Calculate the remainder when m is divided by d.
26
Let m = 294 + -209. What is the remainder when 593 is divided by m?
83
Suppose -60 = -m - 3*m. Let h = 10 + -7. Suppose -2*x - i + m = 0, -x - h*i + 4 = -6*i. Calculate the remainder when 26 is divided by x.
5
Let f(h) = h**2 - 6*h + 12. Suppose -m = -11 + 1. What is the remainder when f(m) is divided by 18?
16
Let w(y) = y**3 - 11*y**2 - 5*y - 26. What is the remainder when w(12) is divided by 6?
4
Suppose -2*x = 3*r + 3*x - 5, 2*r + 4 = 4*x. Let m(p) = p**2 + p + 9. What is the remainder when 62 is divided by m(r)?
8
Suppose 3*l + 26 = -m, 2*l - 5*l + 5*m = 50. Let y(o) = o**3 + 11*o**2 + 9*o - 6. Let c = 27 - 20. Calculate the remainder when c is divided by y(l).
3
Suppose -60 - 38 = -y. Let p(k) = -4*k - 65. Let b(a) = -a - 13. Let u(d) = -11*b(d) + 2*p(d). What is the remainder when y is divided by u(4)?
23
Let h be 2/8 - 99/12. Let z = h - 4. Let g = 26 - z. Calculate the remainder when g is divided by 10.
8
Let b be 36/(-30)*(-10)/(-4). Let f = 20 + 4. What is the remainder when f is divided by (-22)/b - 75/(-45)?
6
Let u(k) be the third derivative of -k**4/24 - 17*k**3/6 - k**2. Let t be u(-12). Let z = 19 - t. What is the remainder when z is divided by 13?
11
Calculate the remainder when -23 - -188 - (-11)/1 is divided by 13.
7
Let v be 2/(-11) - (-576)/22. Suppose 0*p = 2*p - v. Let u = -90 - -126. What is the remainder when u is divided by p?
10
What is the remainder when (-10676)/(-34) - 5/1 is divided by 62?
61
Suppose 0 = o + s - 212, -1111 = -4*o + 4*s - 255. Calculate the remainder when o is divided by 55.
48
Let g(u) be the second derivative of -u**4/12 + 11*u**3/6 - 3*u**2/2 - 34*u. Calculate the remainder when 11 is divided by g(10).
4
Let d(f) = f + 4*f + 4*f - 2 - 3. What is the remainder when d(8) is divided by 17?
16
Let h = -16 + 38. Let w = 118 + -106. Calculate the remainder when h is divided by w.
10
Let l = -91 - -152. Let m = 20 - 9. Let x = l - m. What is the remainder when x is divided by 13?
11
Suppose 3*p - 3*i + 10 = 7*p, 26 = 4*p - 5*i. Suppose k = -0*k - 14. Let l = k - -20. What is the remainder when l is divided by p?
2
Let z(l) be the first derivative of -3*l**2/2 + 9*l + 2. Let i be z(7). What is the remainder when 9 is divided by (i/2)/((-6)/4)?
1
Suppose d + 4*d + 25 = 0, 4*t + 5*d = 15. What is the remainder when 2 + t/5 - 22*-7 is divided by 32?
30
Let s = -87 + 120. Let k = -25 - -38. Calculate the remainder when s is divided by k.
7
Let r = 1190 + -1032. What is the remainder when r is divided by 13?
2
Let m(b) = b**2 + 21*b + 24. Let n be m(-10). Let q = -83 - n. Calculate the remainder when 14 is divided by q.
2
Suppose p = -2*q - 4 + 3, 0 = 5*q + 15. Suppose -2*r + n + 7 + 9 = 0, 2*r + n - 24 = 0. Suppose r = 3*k - p. What is the remainder when 11 is divided by k?
1
Suppose 0 = g - 2 + 4, 3*g = j - 64. Calculate the remainder when j is divided by 6.
4
Let n = -6 + 22. Let j be (66/(-22))/((-3)/67). Let x = j - 22. Calculate the remainder when x is divided by n.
13
Let q(o) = -2*o - 2. Suppose 0 = -2*g - g - 9. Let f(d) = d**3 + 12*d**2 - d - 3. Calculate the remainder when f(-12) is divided by q(g).
1
Suppose 50*s - 48*s = -o + 113, 2*o = -3*s + 169. What is the remainder when 117 is divided by s?
3
Suppose 23*q - 16*q - 35 = 0. What is the remainder when 15 is divided by q?
0
Suppose 4*u + 4*a = u + 35, 77 = 5*u + 2*a. Let s be ((-2)/(-4))/((-1)/10). Let x = s + 38. What is the remainder when x is divided by u?
16
Suppose 25*a + 344 - 1569 = 0. Suppose 2*r + 3*o - 37 = 0, 5*r - 101 + 12 = -4*o. What is the remainder when a is divided by r?
15
Suppose 13*h = 8*h - 10. Let k be ((-104)/(-16))/(h/(-4)). Suppose -2*o - k = -3*o. What is the remainder when 23 is divided by o?
10
Let f(s) = -s**3 - 6*s**2 + 9*s + 18. Calculate the remainder when f(-7) is divided by 1.
0
Suppose 5*a = 6*a - 47. Calculate the remainder when a is divided by 8*(3/4)/(6/16).
15
Let w = 43 + -52. Let b = 27 + w. Suppose -6*q + 3*q + 153 = 0. Calculate the remainder when q is divided by b.
15
Let c = 25 + -8. Suppose -52*g + 48*g = -132. Calculate the remainder when g is divided by c.
16
Let o(c) = c - 1. Let d(u) = -u**3 - 15*u**2 - 4*u - 21. Let h(q) = -d(q) + 2*o(q). What is the remainder when h(-14) is divided by 33?
32
Let x = -67 - -526. What is the remainder when x is divided by 94?
83
Let k(c) = -29*c**3 + c**2 + c. Let x(b) = -6*b - 2. Let d be x(-3). Let a = -17 + d. What is the remainder when 113 is divided by k(a)?
26
Let y = 13 - 3. Let n(k) = k**2 - 4*k + 2. Let d be n(y). Suppose d = 3*m - m. Calculate the remainder when m is divided by 16.
15
Suppose 4*k = -5*z + 8, 4*z = -6*k + 3*k + 6. Calculate the remainder when -19 - -84 - (3 - z - 0) is divided by 21.
20
Let c be (-2*122/(-6))/((-34)/(-153)). Suppose 5*n + c = 323. Calculate the remainder when 664/6 - 4/6 is divided by n.
26
Suppose 0 = -11*n + 6355 + 971. Calculate the remainder when n is divided by 216.
18
Let h = -332 + 378. Calculate the remainder when 225 is divided by h.
41
Let j = 1784 + -1778. What is the remainder when 65 is divided by j?
5
Suppose 382 - 417 = -t. What is the remainder when 629 is divided by t?
34
Calculate the remainder when 24/(-11)*(-308)/56 is divided by (-2)/(6/(-9))*3.
3
Let q = -685 + 933. What is the remainder when q is divided by 54?
32
Let t(r) = -19*r + 304. Calculate the remainder when t(6) is divided by 31.
4
Let s(k) = 13*k**2 + 6*k - 7. Let h = 112 - 111. What is the remainder when 58 is divided by s(h)?
10
Let i(m) = m**2 - 16*m + 15. Let f be i(15). Suppose 2*x = 3*x - 2*v - 17, -3*v - 15 = f. What is the remainder when x is divided by 4?
3
Let c = -1417 + 1455. Calculate the remainder when 566 is divided by c.
34
Let m = -8 + 19. Calculate the remainder when (-3)/(-1) - 272/(-17) is divided by m.
8
What is the remainder when 427 is divided by (-6512)/(-121) + (-16)/(-88)?
49
Let o be 92/(1 + 0) - 2. Suppose -o = r - 4*r. Suppose r = 2*c + c. Calculate the remainder when 17 is divided by c.
7
Let y(r) = r**2 + 12*r + 7. Suppose 4*n = 2*o - 52 + 14, 5*o + 61 = -3*n. What is the remainder when 31 is divided by y(n)?
3
Let m = 88 + -86. What is the remainder when ((-1012)/69)/(m/(-9)) is divided by 17?
15
Let f(j) = -3*j + 9. Let z = -9 - -24. Suppose -s = 2*w - z, -s = s + 5*w - 34. What is the remainder when f(-6) is divided by s?
6
Let j(u) = u**2 + 6*u + 5. Suppose 3*w + w = -24. Let k be j(w). Calculate the remainder when ((-3)/(-9))/(k/735) is divided by 26.
23
Suppose 0*i = -12*i + 2328. Let y = i - 186. What is the remainder when 1*-76*2/(-4) is divided by y?
6
Suppose 8 = m - 0*m. Suppose -2*z + 36 = m. Suppose 2*y + 106 = 2*x, 4*y - 53 = -x + 10. Calculate the remainder when x is divided by